5)?
1
Evaluate (-6 - (-14 + -29)) + -70.
-33
Evaluate -9 - (0 + 11 + -5 + -30).
15
Evaluate -8 - (11 + -29 + -1).
11
Calculate -7 + 2 + (3 - 3) - (57 + -47).
-15
(-19 - (-1 + -8 + (15 - 5))) + 6
-14
Calculate 4 + -2 - (4 - 2) - (455 + -449).
-6
Calculate 0 + ((10 - 7) + -3 - -11) + 5.
16
What is the value of -10 + -9 - -19 - (4 - 0)?
-4
Calculate (-8 - -1 - 0) + 0 - (-361 - -342).
12
What is the value of (78 - 36) + (-48 - -5)?
-1
-15 - 21 - ((-6 - 1) + 6)
-35
-23 - 0 - (-1 - 11)
-11
Calculate 0 + 5 + (-4 + 0 - -8) + -16.
-7
What is -8 + -4 + 38 + -25?
1
Evaluate 1 + 3 - (12 + -23 + (6 - -4)).
5
What is 1 + (1 - (5 - -2) - -5 - -6)?
6
Evaluate 2 + 8 + 0 - 11 - 7.
-8
Evaluate (-30 - -22) + 2 + -1 + (0 - 1).
-8
Calculate -2 + 1 + 3 - (8 + -3 - -5).
-8
-7 + (-8 - (2 + -3 - 1))
-13
What is -1 + 2 + (9 + 3 - (2 + 5))?
6
-49 + 53 - (2 + -15 - -2) - 1
14
What is the value of (17 - 9) + -11 + (13 - 3)?
7
-5 + (6 - 4) + 3 + 1 - 16
-15
Calculate 177 - 176 - (2 + -2 + -7).
8
What is the value of (-4 - -8) + -3 - (-11 + 34)?
-22
(-2 - -5 - -9) + (-68 - -49)
-7
Evaluate 137 + -134 + (2 - (0 + 1)).
4
Evaluate -3 + (-11 - (10 + -27)) + 6 + 14.
23
Calculate -3 + (5 - -1) + 33 + -10 - -2.
28
Calculate 7 + -22 + (4 - 10 - -4 - -6).
-11
Calculate -53 - (21 - (29 - -17)).
-28
What is the value of (6 - -11) + 3 + -8 + (1 - 2)?
11
Evaluate -6 + 4 + 6 + 4 + 15.
23
-5 + ((-12 - -2) + 24 - 2) + 26
33
Evaluate 4 + 18 - 8 - -10.
24
Calculate 11 + (9 - (-19 - (20 + -35))).
24
Calculate (20 + (-22 - -14) - 27) + 36.
21
Evaluate (-15 - (5 + -15)) + 7.
2
What is 30 + (-30 + 5 - -3)?
8
(-2 - 4) + (5 - (-14 + 14))
-1
Calculate -257 - -241 - ((-6 - -1) + -1 + 3).
-13
-1 - 14 - (6 + 16 - 47)
10
Calculate (-298 - -259) + (1 - -22).
-16
(-43 - -16 - -14) + -13
-26
Evaluate -3 - (5 + -13) - ((-8 - -1) + 24).
-12
Evaluate -9 + -1 - (-20 - (12 + -1)).
21
Evaluate 7 + 4 + -1 + -22.
-12
-6 + 13 + -8 + 6 + 3
8
23 - (11 - (12 + (-19 - -13)))
18
Evaluate (-5 - -7 - -11) + -11.
2
What is -17 + 7 + (25 - 6) + 1?
10
(12 - (2 - -10)) + 10 + -25
-15
Evaluate 11 + 1 + -34 + 12 - 10.
-20
17 + -8 + -18 - 3
-12
Calculate (4 - -10) + (-24 - -45 - 55).
-20
Evaluate (35 - (-5 + 16 - 6)) + (-3 - -3).
30
What is 1 + -4 + 2 - (74 - 56)?
-19
(-7 + 4 - -5) + -12
-10
-34 + 61 + -8 + -31
-12
Evaluate 43 + -7 + -31 + 17.
22
11 - (-19 + -1 - -15)
16
Evaluate -13 + (29 - (15 + 12)).
-11
-209 - -218 - (22 - (0 + 2))
-11
Calculate (19 - 5) + -17 + (-3 - -12).
6
What is -39 - -63 - (17 + 1)?
6
Evaluate -10 + 0 + (91 - 83) + (-2 - -11).
7
Calculate 20 + -26 + -13 + 23.
4
-6 - (11 + 10 + -10 + -2)
-15
Evaluate 23 + -28 - (0 + -4 + 4).
-5
Calculate -17 + 15 + -12 + 9 - 19.
-24
What is the value of -24 + (-14 - (15 + -74))?
21
Evaluate -2 + -1 + -30 - -19.
-14
What is the value of 21 + -18 - (3 + -14)?
14
(6 - 6 - 28) + 23
-5
What is (3 - -3 - 1) + (-61 - -51)?
-5
Evaluate (-8 + 9 - 15) + -5.
-19
What is (25 - 33) + (0 - -10)?
2
Calculate -6 - (6 - 2) - -3.
-7
What is the value of (-14 - -4) + 15 - 2?
3
What is the value of 6 - -2 - (-1 - 4 - -10)?
3
What is the value of -7 - (13 + (-10 - (-18 - -9)) - -10)?
-29
-18 + (-12 - -5 - -16)
-9
Calculate (16 - 8) + 3 + -22.
-11
Calculate 31 + (-41 - -50) + -11.
29
What is the value of -1 + 0 + -5 + 0 + (-4 - -6)?
-4
(12 - (-11 + 23)) + 0 + -1 - -8
7
Calculate (-2 - -48 - 61) + 36.
21
Evaluate -13 + 14 + -9 - (-1 + 13).
-20
Calculate (-4 - (-18 + 18)) + -12.
-16
What is (0 - 11) + (-1 + 27 + 6 - 8)?
13
Calculate 1 + 27 - (45 + (-48 - -11)).
20
What is -46 + -12 + 40 + 2?
-16
What is the value of -6 - (-15 + -5) - 6?
8
Calculate -2 + 4 - 11 - (12 + -10) - 2.
-13
Evaluate 4 - (1 + 14 + -2 + (1 - -2)).
-12
Calculate (-12 - (10 + (-10 - -6 - 10))) + -3.
-11
Calculate -2 - (-38 - -64 - 21).
-7
What is the value of -14 + -2 + 1 + -2 - (-335 + 326)?
-8
-13 - (4 + -10 - -3) - -20 - 39
-29
What is the value of -2 + 9 + 600 + -590?
17
What is 0 + (-2 - -2) - (-4 - (27 - 24))?
7
9 - (6 - 1) - (0 - -9) - -3
-2
What is the value of 14 - (10 - 3) - (-4 + -5 - 8)?
24
(-23 - (-15 - (11 + -7))) + 40
36
-1 + 4 - (-48 - -42) - (2 - -25)
-18
Calculate (0 - 6 - -9) + 8 + 6.
17
What is the value of -14 - (-24 + 20 - 16)?
6
Calculate (-1 + (5 - 3) - (-6 + 2)) + 12.
17
What is the value of -23 + 23 + -21 + 44?
23
Evaluate -4 - ((2 - 1 - -5) + 29 + -31).
-8
What is -10 + 33 + -8 + -25?
-10
Evaluate 86 + -104 - (3 + -13).
-8
Evaluate 11 + 8 + -10 + -19 + 3.
-7
What is -3 - (-8 + 1 + -9) - (-3 - -8)?
8
What is the value of 8 - (-10 - -28 - -3)?
-13
What is 7 + -12 - (1 - -2 - (2 + 4))?
-2
Calculate -89 + 96 - (2 - (15 - 2)) - -7.
25
(9 - (13 + (-13 - (-9 + 3)))) + 18
21
Evaluate -87 + 123 + -34 + -7.
-5
What is the value of (-2 - (6 - 2)) + 11?
5
What is 4 - (-1 + -5 + 2 + 0 + 0)?
8
Evaluate 28 - (22 - (23 + -20)).
9
Evaluate -1 - (1 + -5) - (19 + 25 + -13).
-28
What is the value of 14 + 4 + 4 + -12 + (-20 - -22)?
12
Calculate (-6 - (2 - (0 + (8 - 1)))) + 4.
3
21 - ((8 - -22) + -28)
19
Evaluate -7 + -15 + 11 + 0 + -9.
-20
What is -15 - (-3 - (0 + -4))?
-16
Calculate 23 - 4 - (-113 + 139).
-7
Evaluate 0 + 12 + (-180 - -191) - -10.
33
Evaluate -12 + (-15 - (13 - 39) - 10).
-11
What is the value of -4 - -2 - -32 - ((8 - 3) + -4)?
29
6 - (-2 + 7 + -7) - 17
-9
What is 62 - (95 - 47) - (25 + 1)?
-12
What is 2 - (1 + -10) - (-204 - -204)?
11
36 + (14 - 73 - -27)
4
What is 5 + (-4 - 20) - 1 - (6 + -10)?
-16
1 - -11 - (19 - (11 + 0))
4
-4 - (25 - -5 - 38)
4
(-1 - 3 - -2) + (-1 - (-23 - -42))
-22
-1 + 14 - (75 + -66) - 17 - -7
-6
Evaluate -67 + 42 - (-34 + -3).
12
What is the value of 9 + -1 - -15 - 11?
12
What is the value of 13 + ((-6 - 3) + 17 - 8)?
13
What is the value of -1 + 1 + 379 + -386?
-7
Calculate (-7 - -16) + -2 + -11.
-4
Calculate -11 + 8 + -9 - -21.
9
(2 - 5 - -1) + -7 + 12 - -9
12
What is the value of -13 - (1 - (13 + -10))?
-11
-12 + -1 + (-7 - -10)
-10
Calculate 4 + 0 + (-7 - -4 - -12).
13
What is 43 + (-86 - -36) + 1 + -24?
-30
(-19 - (31 + -62)) + -1 + -6
5
What is the value of 1 - (-8 + 16) - (2 - 0)?
-9
Evaluate (-5 + (15 - 5) - -1) + 5.
11
What is the value of 10 - -1 - -5 - (-1 - (0 - -1))?
18
What is 4 - (16 + -21 + -6 + -3)?
18
What is the value of (2 - 4 - 5) + (4 - (9 + -5))?
-7
Calculate 1 - (-9 + (0 - -5)) - 24.
-19
(-20 - -3) + (56 - 54)
-15
What is -5 + (37 - (-1 + 52))?
-19
What is the value of -4 - 0 - (-42 + 40)?
-2
What is -13 + -8 + (46 - 13)?
12
Evaluate 0 - (-17 - -16 - 15).
16
What is 18 - 4 - 3 - (6 + -11 + 7)?
9
Calculate -7 + (25 - (6 - -2)).
10
Calculate 7 + -2 - (482 + -482).
5
What is -7 - (0 + -2 + (5 - -1))?
-11
What is the value of -24 - -40 - (18 - -1)?
-3
Evaluate -7 + -2 - 11 - -8.
-12
-6 + -19 + 11 + 7 + 1
-6
Calculate 0 - (-1 - 12) - 3 - (86 + -102).
26
What is -22 + 7 + 1 - -8?
-6
Calculate -2 + (9 - (0 + (2 - -3) - 8)).
10
Calculate (-13 - -8 - 13) + 30.
12
Evaluate (-6 - (8 + 8 + (5 - 23))) + 18.
14
0 + -1 - (20 + -10 + -20) - 9
0
Evaluate 5 + -11 + (-3 - (2 + -5)).
-6
Evaluate (27 - (16 + -4)) + -11 + 1.
5
Evaluate (2 + (-10 - 2) - (20 + -21)) + -2.
-11
Calculate -6 + -7 + -11 + 13.
-11
Evaluate (8 - (14 - -6)) + 34.
22
What is 15 + 0 + -4 + 1 + (73 - 109)?
-24
What is 2 - 0 - (-33 + 1 - -24)?
10
Calculate -15 - -24 - 13 - (0 + 3) - 6.
-13
Calculate -2 + (-12 - 0) + (0 - -11 - 7).
-10
What is 10 + 4 + -18 + 6 + (6 - 3)?
5
-3 - (2 + 11 - 12)
-4
What is 5 - (-9 + 8) - 10?
-4
Calculate 34 + (24 - (11 - -17)).
30
Calculate 15 - ((30 - 6 - 18) + -15).
24
Calculate -40 + 23 + (5 - (-5 - -7)) + -2.
-16
What is the value of 2 + -2 - ((-21 - (19 - 39)) + -2)?
3
Evaluate -2 + 21 - (8 - (7 + -6)).
12
Calculate -12 + 32 - (-7 + 23).
4
Calculate (-6 - (-2 + -3)) + -6 - (0 - -4).
-11
Evaluate -3 + (0 + 3 + -7 - -8).
1
What is 10 + -15 + 3 - (3 + 1)?
-6
Calculate -5 + (27 - (2 - -17)).
3
Calculate 4 - (10 - (15 - 3)).
6
Evaluate -1 + -1 + (4 - -23 - (-32 - -45)).
12
30 + 5 + (-68 - -28)
-5
11 - 6 - ((-3 - -4) + -10) - -8
22
What is the value of -13 - (-21 - 0) - 9?
-1
(-2 - 24 - -22) + (-13 - -2)
-15
Calculate ((3 - 0) + -51 + 11 - -5) + 1.
-31
Evaluate -4 - (-4 - ((3 - (3 + -6)) + 3)).
9
8 + (-1 - (25 + -9))
-9
Evaluate 4 - ((-1 - 0) + (0 - (10 + -4))).
11
What is the value of -25 + (3 - 1) + (1 - -37 - 32)?
-17
What is the value of 0 - (10 + -15 + 0) - 7?
-2
Wh